{"id":239,"date":"2021-05-04T06:48:56","date_gmt":"2021-05-04T06:48:56","guid":{"rendered":"https:\/\/nea.rs\/?page_id=239"},"modified":"2021-05-05T17:57:49","modified_gmt":"2021-05-05T17:57:49","slug":"dr-visa-tasic-dipl-inz-elektronike","status":"publish","type":"page","link":"https:\/\/nea.rs\/index.php\/dr-visa-tasic-dipl-inz-elektronike\/","title":{"rendered":"dr Vi\u0161a Tasi\u0107, dipl. in\u017e elektronike"},"content":{"rendered":"\n<figure class=\"wp-block-image size-large\"><img loading=\"lazy\" decoding=\"async\" width=\"90\" height=\"105\" src=\"https:\/\/nea.rs\/wp-content\/uploads\/2021\/05\/visa_tasic-1.png\" alt=\"\" class=\"wp-image-159\"\/><\/figure>\n\n\n\n<p>Dr Vi\u0161a Tasi\u0107 je ro\u0111en 1968. u Knja\u017eevcu. Osnovno i srednje obrazovanje stekao je u Boru. Diplomirao je (1992. god.) i magistrirao (2003. god.) na Elektronskom fakultetu, Univerzitetu u Ni\u0161u, smer elektronika i telekomunikacije. Doktorsku disertaciju pod nazivom &#8222;Distribuirani sistemi monitoringa i rizik od aerozaga\u0111enja&#8220; odbranio je na Fakultetu za\u0161tite na radu u Ni\u0161u, Univerziteta u Ni\u0161u 2008. god.<\/p>\n\n\n\n<p>Od 1994. do danas zaposlen je sa punim radnim vremenom u Institutu za rudarstvo i metalurgiju u Boru. U zvanje nau\u010dni savetnik u oblasti in\u017eenjeringa \u017eivotne sredine izabran je 2019. godine. Autor je vi\u0161e od 100 nau\u010dnih radova, od \u010dega je vi\u0161e od 20 radova objavljeno u me\u0111unarodnim \u010dasopisima sa impakt faktorom. Vi\u0161e od 20 godina bavi se razvojem i primenom distribuiranih ra\u010dunarskih sistema za nadzor i upravljanje tehni\u010dkim procesima, monitoringom kvaliteta vazduha i modeliranjem aerozaga\u0111enja. U\u010desnik je ve\u0107eg broja me\u0111unarodnih i doma\u0107ih projekata i studija u oblasti upravljanja kvalitetom \u017eivotne sredine i proceni uticaja antropogenog zaga\u0111enja na zdravlje ljudi.<\/p>\n","protected":false},"excerpt":{"rendered":"<p>Dr Vi\u0161a Tasi\u0107 je ro\u0111en 1968. u Knja\u017eevcu. Osnovno i srednje obrazovanje stekao je u Boru. Diplomirao je (1992. god.) i magistrirao (2003. god.) na&hellip;<\/p>\n","protected":false},"author":1,"featured_media":0,"parent":0,"menu_order":0,"comment_status":"closed","ping_status":"closed","template":"","meta":{"footnotes":""},"class_list":["post-239","page","type-page","status-publish","hentry"],"yoast_head":"<!-- This site is optimized with the Yoast SEO plugin v24.9 - https:\/\/yoast.com\/wordpress\/plugins\/seo\/ -->\n<title>dr Vi\u0161a Tasi\u0107, dipl. in\u017e elektronike - Nacionalna ekolo\u0161ka asocijacija<\/title>\n<meta name=\"robots\" content=\"index, follow, max-snippet:-1, max-image-preview:large, max-video-preview:-1\" \/>\n<link rel=\"canonical\" href=\"https:\/\/nea.rs\/index.php\/dr-visa-tasic-dipl-inz-elektronike\/\" \/>\n<meta property=\"og:locale\" content=\"sr_RS\" \/>\n<meta property=\"og:type\" content=\"article\" \/>\n<meta property=\"og:title\" content=\"dr Vi\u0161a Tasi\u0107, dipl. in\u017e elektronike - Nacionalna ekolo\u0161ka asocijacija\" \/>\n<meta property=\"og:description\" content=\"Dr Vi\u0161a Tasi\u0107 je ro\u0111en 1968. u Knja\u017eevcu. Osnovno i srednje obrazovanje stekao je u Boru. Diplomirao je (1992. god.) i magistrirao (2003. god.) na&hellip;\" \/>\n<meta property=\"og:url\" content=\"https:\/\/nea.rs\/index.php\/dr-visa-tasic-dipl-inz-elektronike\/\" \/>\n<meta property=\"og:site_name\" content=\"Nacionalna ekolo\u0161ka asocijacija\" \/>\n<meta property=\"article:publisher\" content=\"https:\/\/www.facebook.com\/NEASrbija\" \/>\n<meta property=\"article:modified_time\" content=\"2021-05-05T17:57:49+00:00\" \/>\n<meta property=\"og:image\" content=\"https:\/\/nea.rs\/wp-content\/uploads\/2021\/05\/visa_tasic-1.png\" \/>\n<meta name=\"twitter:card\" content=\"summary_large_image\" \/>\n<meta name=\"twitter:site\" content=\"@NEASrbija\" \/>\n<meta name=\"twitter:label1\" content=\"Procenjeno vreme \u010ditanja\" \/>\n\t<meta name=\"twitter:data1\" content=\"1 minut\" \/>\n<script type=\"application\/ld+json\" class=\"yoast-schema-graph\">{\"@context\":\"https:\/\/schema.org\",\"@graph\":[{\"@type\":\"WebPage\",\"@id\":\"https:\/\/nea.rs\/index.php\/dr-visa-tasic-dipl-inz-elektronike\/\",\"url\":\"https:\/\/nea.rs\/index.php\/dr-visa-tasic-dipl-inz-elektronike\/\",\"name\":\"dr Vi\u0161a Tasi\u0107, dipl. in\u017e elektronike - Nacionalna ekolo\u0161ka asocijacija\",\"isPartOf\":{\"@id\":\"https:\/\/nea.rs\/#website\"},\"primaryImageOfPage\":{\"@id\":\"https:\/\/nea.rs\/index.php\/dr-visa-tasic-dipl-inz-elektronike\/#primaryimage\"},\"image\":{\"@id\":\"https:\/\/nea.rs\/index.php\/dr-visa-tasic-dipl-inz-elektronike\/#primaryimage\"},\"thumbnailUrl\":\"https:\/\/nea.rs\/wp-content\/uploads\/2021\/05\/visa_tasic-1.png\",\"datePublished\":\"2021-05-04T06:48:56+00:00\",\"dateModified\":\"2021-05-05T17:57:49+00:00\",\"breadcrumb\":{\"@id\":\"https:\/\/nea.rs\/index.php\/dr-visa-tasic-dipl-inz-elektronike\/#breadcrumb\"},\"inLanguage\":\"sr-RS\",\"potentialAction\":[{\"@type\":\"ReadAction\",\"target\":[\"https:\/\/nea.rs\/index.php\/dr-visa-tasic-dipl-inz-elektronike\/\"]}]},{\"@type\":\"ImageObject\",\"inLanguage\":\"sr-RS\",\"@id\":\"https:\/\/nea.rs\/index.php\/dr-visa-tasic-dipl-inz-elektronike\/#primaryimage\",\"url\":\"https:\/\/nea.rs\/wp-content\/uploads\/2021\/05\/visa_tasic-1.png\",\"contentUrl\":\"https:\/\/nea.rs\/wp-content\/uploads\/2021\/05\/visa_tasic-1.png\",\"width\":90,\"height\":105,\"caption\":\"Vi\u0161a Tasi\u0107\"},{\"@type\":\"BreadcrumbList\",\"@id\":\"https:\/\/nea.rs\/index.php\/dr-visa-tasic-dipl-inz-elektronike\/#breadcrumb\",\"itemListElement\":[{\"@type\":\"ListItem\",\"position\":1,\"name\":\"Po\u010detna\",\"item\":\"https:\/\/nea.rs\/\"},{\"@type\":\"ListItem\",\"position\":2,\"name\":\"dr Vi\u0161a Tasi\u0107, dipl. in\u017e elektronike\"}]},{\"@type\":\"WebSite\",\"@id\":\"https:\/\/nea.rs\/#website\",\"url\":\"https:\/\/nea.rs\/\",\"name\":\"Nacionalna ekolo\u0161ka asocijacija\",\"description\":\"\",\"publisher\":{\"@id\":\"https:\/\/nea.rs\/#organization\"},\"potentialAction\":[{\"@type\":\"SearchAction\",\"target\":{\"@type\":\"EntryPoint\",\"urlTemplate\":\"https:\/\/nea.rs\/?s={search_term_string}\"},\"query-input\":{\"@type\":\"PropertyValueSpecification\",\"valueRequired\":true,\"valueName\":\"search_term_string\"}}],\"inLanguage\":\"sr-RS\"},{\"@type\":\"Organization\",\"@id\":\"https:\/\/nea.rs\/#organization\",\"name\":\"Nacionalna ekolo\u0161ka asocijacija\",\"url\":\"https:\/\/nea.rs\/\",\"logo\":{\"@type\":\"ImageObject\",\"inLanguage\":\"sr-RS\",\"@id\":\"https:\/\/nea.rs\/#\/schema\/logo\/image\/\",\"url\":\"https:\/\/nea.rs\/wp-content\/uploads\/2021\/05\/cropped-logoNEA_crop_180_nowhite.jpg\",\"contentUrl\":\"https:\/\/nea.rs\/wp-content\/uploads\/2021\/05\/cropped-logoNEA_crop_180_nowhite.jpg\",\"width\":276,\"height\":154,\"caption\":\"Nacionalna ekolo\u0161ka asocijacija\"},\"image\":{\"@id\":\"https:\/\/nea.rs\/#\/schema\/logo\/image\/\"},\"sameAs\":[\"https:\/\/www.facebook.com\/NEASrbija\",\"https:\/\/x.com\/NEASrbija\",\"https:\/\/www.instagram.com\/neasrbija\/\",\"https:\/\/www.youtube.com\/channel\/UCxwdyhNFV-rjanyqj7JIFow\"]}]}<\/script>\n<!-- \/ Yoast SEO plugin. -->","yoast_head_json":{"title":"dr Vi\u0161a Tasi\u0107, dipl. in\u017e elektronike - Nacionalna ekolo\u0161ka asocijacija","robots":{"index":"index","follow":"follow","max-snippet":"max-snippet:-1","max-image-preview":"max-image-preview:large","max-video-preview":"max-video-preview:-1"},"canonical":"https:\/\/nea.rs\/index.php\/dr-visa-tasic-dipl-inz-elektronike\/","og_locale":"sr_RS","og_type":"article","og_title":"dr Vi\u0161a Tasi\u0107, dipl. in\u017e elektronike - Nacionalna ekolo\u0161ka asocijacija","og_description":"Dr Vi\u0161a Tasi\u0107 je ro\u0111en 1968. u Knja\u017eevcu. Osnovno i srednje obrazovanje stekao je u Boru. Diplomirao je (1992. god.) i magistrirao (2003. god.) na&hellip;","og_url":"https:\/\/nea.rs\/index.php\/dr-visa-tasic-dipl-inz-elektronike\/","og_site_name":"Nacionalna ekolo\u0161ka asocijacija","article_publisher":"https:\/\/www.facebook.com\/NEASrbija","article_modified_time":"2021-05-05T17:57:49+00:00","og_image":[{"url":"https:\/\/nea.rs\/wp-content\/uploads\/2021\/05\/visa_tasic-1.png","type":"","width":"","height":""}],"twitter_card":"summary_large_image","twitter_site":"@NEASrbija","twitter_misc":{"Procenjeno vreme \u010ditanja":"1 minut"},"schema":{"@context":"https:\/\/schema.org","@graph":[{"@type":"WebPage","@id":"https:\/\/nea.rs\/index.php\/dr-visa-tasic-dipl-inz-elektronike\/","url":"https:\/\/nea.rs\/index.php\/dr-visa-tasic-dipl-inz-elektronike\/","name":"dr Vi\u0161a Tasi\u0107, dipl. in\u017e elektronike - Nacionalna ekolo\u0161ka asocijacija","isPartOf":{"@id":"https:\/\/nea.rs\/#website"},"primaryImageOfPage":{"@id":"https:\/\/nea.rs\/index.php\/dr-visa-tasic-dipl-inz-elektronike\/#primaryimage"},"image":{"@id":"https:\/\/nea.rs\/index.php\/dr-visa-tasic-dipl-inz-elektronike\/#primaryimage"},"thumbnailUrl":"https:\/\/nea.rs\/wp-content\/uploads\/2021\/05\/visa_tasic-1.png","datePublished":"2021-05-04T06:48:56+00:00","dateModified":"2021-05-05T17:57:49+00:00","breadcrumb":{"@id":"https:\/\/nea.rs\/index.php\/dr-visa-tasic-dipl-inz-elektronike\/#breadcrumb"},"inLanguage":"sr-RS","potentialAction":[{"@type":"ReadAction","target":["https:\/\/nea.rs\/index.php\/dr-visa-tasic-dipl-inz-elektronike\/"]}]},{"@type":"ImageObject","inLanguage":"sr-RS","@id":"https:\/\/nea.rs\/index.php\/dr-visa-tasic-dipl-inz-elektronike\/#primaryimage","url":"https:\/\/nea.rs\/wp-content\/uploads\/2021\/05\/visa_tasic-1.png","contentUrl":"https:\/\/nea.rs\/wp-content\/uploads\/2021\/05\/visa_tasic-1.png","width":90,"height":105,"caption":"Vi\u0161a Tasi\u0107"},{"@type":"BreadcrumbList","@id":"https:\/\/nea.rs\/index.php\/dr-visa-tasic-dipl-inz-elektronike\/#breadcrumb","itemListElement":[{"@type":"ListItem","position":1,"name":"Po\u010detna","item":"https:\/\/nea.rs\/"},{"@type":"ListItem","position":2,"name":"dr Vi\u0161a Tasi\u0107, dipl. in\u017e elektronike"}]},{"@type":"WebSite","@id":"https:\/\/nea.rs\/#website","url":"https:\/\/nea.rs\/","name":"Nacionalna ekolo\u0161ka asocijacija","description":"","publisher":{"@id":"https:\/\/nea.rs\/#organization"},"potentialAction":[{"@type":"SearchAction","target":{"@type":"EntryPoint","urlTemplate":"https:\/\/nea.rs\/?s={search_term_string}"},"query-input":{"@type":"PropertyValueSpecification","valueRequired":true,"valueName":"search_term_string"}}],"inLanguage":"sr-RS"},{"@type":"Organization","@id":"https:\/\/nea.rs\/#organization","name":"Nacionalna ekolo\u0161ka asocijacija","url":"https:\/\/nea.rs\/","logo":{"@type":"ImageObject","inLanguage":"sr-RS","@id":"https:\/\/nea.rs\/#\/schema\/logo\/image\/","url":"https:\/\/nea.rs\/wp-content\/uploads\/2021\/05\/cropped-logoNEA_crop_180_nowhite.jpg","contentUrl":"https:\/\/nea.rs\/wp-content\/uploads\/2021\/05\/cropped-logoNEA_crop_180_nowhite.jpg","width":276,"height":154,"caption":"Nacionalna ekolo\u0161ka asocijacija"},"image":{"@id":"https:\/\/nea.rs\/#\/schema\/logo\/image\/"},"sameAs":["https:\/\/www.facebook.com\/NEASrbija","https:\/\/x.com\/NEASrbija","https:\/\/www.instagram.com\/neasrbija\/","https:\/\/www.youtube.com\/channel\/UCxwdyhNFV-rjanyqj7JIFow"]}]}},"jetpack_sharing_enabled":true,"_links":{"self":[{"href":"https:\/\/nea.rs\/index.php\/wp-json\/wp\/v2\/pages\/239","targetHints":{"allow":["GET"]}}],"collection":[{"href":"https:\/\/nea.rs\/index.php\/wp-json\/wp\/v2\/pages"}],"about":[{"href":"https:\/\/nea.rs\/index.php\/wp-json\/wp\/v2\/types\/page"}],"author":[{"embeddable":true,"href":"https:\/\/nea.rs\/index.php\/wp-json\/wp\/v2\/users\/1"}],"replies":[{"embeddable":true,"href":"https:\/\/nea.rs\/index.php\/wp-json\/wp\/v2\/comments?post=239"}],"version-history":[{"count":2,"href":"https:\/\/nea.rs\/index.php\/wp-json\/wp\/v2\/pages\/239\/revisions"}],"predecessor-version":[{"id":349,"href":"https:\/\/nea.rs\/index.php\/wp-json\/wp\/v2\/pages\/239\/revisions\/349"}],"wp:attachment":[{"href":"https:\/\/nea.rs\/index.php\/wp-json\/wp\/v2\/media?parent=239"}],"curies":[{"name":"wp","href":"https:\/\/api.w.org\/{rel}","templated":true}]}}

dr Viša Tasić, dipl. inž elektronike

<figure class="wp-block-image size-large"><img loading="lazy" decoding="async" width="90" height="105" src="https://nea.rs/wp-content/uploads/2021/05/visa_tasic-1.png" alt="" class="wp-image-159"/></figure>



<p>Dr Viša Tasić je rođen 1968. u Knjaževcu. Osnovno i srednje obrazovanje stekao je u Boru. Diplomirao je (1992. god.) i magistrirao (2003. god.) na Elektronskom fakultetu, Univerzitetu u Nišu, smer elektronika i telekomunikacije. Doktorsku disertaciju pod nazivom &#8222;Distribuirani sistemi monitoringa i rizik od aerozagađenja&#8220; odbranio je na Fakultetu zaštite na radu u Nišu, Univerziteta u Nišu 2008. god.</p>



<p>Od 1994. do danas zaposlen je sa punim radnim vremenom u Institutu za rudarstvo i metalurgiju u Boru. U zvanje naučni savetnik u oblasti inženjeringa životne sredine izabran je 2019. godine. Autor je više od 100 naučnih radova, od čega je više od 20 radova objavljeno u međunarodnim časopisima sa impakt faktorom. Više od 20 godina bavi se razvojem i primenom distribuiranih računarskih sistema za nadzor i upravljanje tehničkim procesima, monitoringom kvaliteta vazduha i modeliranjem aerozagađenja. Učesnik je većeg broja međunarodnih i domaćih projekata i studija u oblasti upravljanja kvalitetom životne sredine i proceni uticaja antropogenog zagađenja na zdravlje ljudi.</p>

<p>Dr Viša Tasić je rođen 1968. u Knjaževcu. Osnovno i srednje obrazovanje stekao je u Boru. Diplomirao je (1992. god.) i magistrirao (2003. god.) na&hellip;</p>

<!-- This site is optimized with the Yoast SEO plugin v24.9 - https://yoast.com/wordpress/plugins/seo/ -->
<title>dr Viša Tasić, dipl. inž elektronike - Nacionalna ekološka asocijacija</title>
<meta name="robots" content="index, follow, max-snippet:-1, max-image-preview:large, max-video-preview:-1" />
<link rel="canonical" href="https://nea.rs/index.php/dr-visa-tasic-dipl-inz-elektronike/" />
<meta property="og:locale" content="sr_RS" />
<meta property="og:type" content="article" />
<meta property="og:title" content="dr Viša Tasić, dipl. inž elektronike - Nacionalna ekološka asocijacija" />
<meta property="og:description" content="Dr Viša Tasić je rođen 1968. u Knjaževcu. Osnovno i srednje obrazovanje stekao je u Boru. Diplomirao je (1992. god.) i magistrirao (2003. god.) na&hellip;" />
<meta property="og:url" content="https://nea.rs/index.php/dr-visa-tasic-dipl-inz-elektronike/" />
<meta property="og:site_name" content="Nacionalna ekološka asocijacija" />
<meta property="article:publisher" content="https://www.facebook.com/NEASrbija" />
<meta property="article:modified_time" content="2021-05-05T17:57:49+00:00" />
<meta property="og:image" content="https://nea.rs/wp-content/uploads/2021/05/visa_tasic-1.png" />
<meta name="twitter:card" content="summary_large_image" />
<meta name="twitter:site" content="@NEASrbija" />
<meta name="twitter:label1" content="Procenjeno vreme čitanja" />
	<meta name="twitter:data1" content="1 minut" />
<script type="application/ld+json" class="yoast-schema-graph">{"@context":"https://schema.org","@graph":[{"@type":"WebPage","@id":"https://nea.rs/index.php/dr-visa-tasic-dipl-inz-elektronike/","url":"https://nea.rs/index.php/dr-visa-tasic-dipl-inz-elektronike/","name":"dr Viša Tasić, dipl. inž elektronike - Nacionalna ekološka asocijacija","isPartOf":{"@id":"https://nea.rs/#website"},"primaryImageOfPage":{"@id":"https://nea.rs/index.php/dr-visa-tasic-dipl-inz-elektronike/#primaryimage"},"image":{"@id":"https://nea.rs/index.php/dr-visa-tasic-dipl-inz-elektronike/#primaryimage"},"thumbnailUrl":"https://nea.rs/wp-content/uploads/2021/05/visa_tasic-1.png","datePublished":"2021-05-04T06:48:56+00:00","dateModified":"2021-05-05T17:57:49+00:00","breadcrumb":{"@id":"https://nea.rs/index.php/dr-visa-tasic-dipl-inz-elektronike/#breadcrumb"},"inLanguage":"sr-RS","potentialAction":[{"@type":"ReadAction","target":["https://nea.rs/index.php/dr-visa-tasic-dipl-inz-elektronike/"]}]},{"@type":"ImageObject","inLanguage":"sr-RS","@id":"https://nea.rs/index.php/dr-visa-tasic-dipl-inz-elektronike/#primaryimage","url":"https://nea.rs/wp-content/uploads/2021/05/visa_tasic-1.png","contentUrl":"https://nea.rs/wp-content/uploads/2021/05/visa_tasic-1.png","width":90,"height":105,"caption":"Viša Tasić"},{"@type":"BreadcrumbList","@id":"https://nea.rs/index.php/dr-visa-tasic-dipl-inz-elektronike/#breadcrumb","itemListElement":[{"@type":"ListItem","position":1,"name":"Početna","item":"https://nea.rs/"},{"@type":"ListItem","position":2,"name":"dr Viša Tasić, dipl. inž elektronike"}]},{"@type":"WebSite","@id":"https://nea.rs/#website","url":"https://nea.rs/","name":"Nacionalna ekološka asocijacija","description":"","publisher":{"@id":"https://nea.rs/#organization"},"potentialAction":[{"@type":"SearchAction","target":{"@type":"EntryPoint","urlTemplate":"https://nea.rs/?s={search_term_string}"},"query-input":{"@type":"PropertyValueSpecification","valueRequired":true,"valueName":"search_term_string"}}],"inLanguage":"sr-RS"},{"@type":"Organization","@id":"https://nea.rs/#organization","name":"Nacionalna ekološka asocijacija","url":"https://nea.rs/","logo":{"@type":"ImageObject","inLanguage":"sr-RS","@id":"https://nea.rs/#/schema/logo/image/","url":"https://nea.rs/wp-content/uploads/2021/05/cropped-logoNEA_crop_180_nowhite.jpg","contentUrl":"https://nea.rs/wp-content/uploads/2021/05/cropped-logoNEA_crop_180_nowhite.jpg","width":276,"height":154,"caption":"Nacionalna ekološka asocijacija"},"image":{"@id":"https://nea.rs/#/schema/logo/image/"},"sameAs":["https://www.facebook.com/NEASrbija","https://x.com/NEASrbija","https://www.instagram.com/neasrbija/","https://www.youtube.com/channel/UCxwdyhNFV-rjanyqj7JIFow"]}]}</script>
<!-- / Yoast SEO plugin. -->

dr Viša Tasić, dipl. inž elektronike - Nacionalna ekološka asocijacija

Dr Viša Tasić je rođen 1968. u Knjaževcu. Osnovno i srednje obrazovanje stekao je u Boru. Diplomirao je (1992. god.) i magistrirao (2003. god.) na&hellip;

Nacionalna ekološka asocijacija

Viša Tasić

Početna
