{"id":235,"date":"2021-05-04T06:47:59","date_gmt":"2021-05-04T06:47:59","guid":{"rendered":"https:\/\/nea.rs\/?page_id=235"},"modified":"2021-05-05T18:01:07","modified_gmt":"2021-05-05T18:01:07","slug":"prof-dr-milos-p-stanic-dipl-inz-gradevine","status":"publish","type":"page","link":"https:\/\/nea.rs\/index.php\/prof-dr-milos-p-stanic-dipl-inz-gradevine\/","title":{"rendered":"Prof. dr Milo\u0161 P. Stani\u0107, dipl. in\u017e. gra\u0111evine"},"content":{"rendered":"\n<figure class=\"wp-block-image size-large\"><img loading=\"lazy\" decoding=\"async\" width=\"90\" height=\"105\" src=\"https:\/\/nea.rs\/wp-content\/uploads\/2021\/05\/milos_stanic-1.png\" alt=\"\" class=\"wp-image-170\"\/><\/figure>\n\n\n\n<p>Zaposlen je na Gra\u0111evinskom fakultetu Univerziteta u Beogradu. Doktorsku disertaciju iz oblasti optimizacije distributivnih mre\u017ea, odbranio je 1999. godine i nakon toga je 2000. godine izabran u zvanje docenta. Tokom 2001. godine boravio je u Azijskom Institutu za Tehnologiju u Bankoku kada je izabran u zvanje gostuju\u0107eg profesora (Visiting Assistant Professor in Water Engineering &amp; Management).<\/p>\n\n\n\n<p>U periodu 2002. do 2004. godine bio je prodekan za finansije Gra\u0111evinskog fakulteta u Beogradu. 2005. godine izabran je u zvanje istra\u017eiva\u010da na Univerzitetu u Aberdinu (Research fellow, University of Aberdeen, Scotland) u okviru istra\u017eiva\u010dkog projekta &#8222;Towards Sustainable Groundwater Management&#8220; koji je finansiran od strane UNESCO-a. Anga\u017eovan je od strane FAO organizacije, kao ekspert iz oblasti vodoprivrede za probleme navodnjavanja u Srbiji. U periodu 2003. do 2013. godine, anga\u017eovan je na izvo\u0111enju nastave na Gra\u0111evinskom fakultetu Univerziteta u Podgorici.<\/p>\n\n\n\n<p>Njegov nau\u010dno-istra\u017eiva\u010dki, stru\u010dni i pedago\u0161ki rad je usmeren na drena\u017ene sisteme, navodnjavanje, kao i probleme urbanog odovodnjavanja. Poslednjih godina, se prete\u017eno bavi problemima iz domena hidroinformatike. U okviru tog anga\u017eovanja radio je na razvijanju softvera 3Dnet-a kao univerzanog GIS okru\u017eenja za re\u0161avanje problema iz domena hidrotehnike. Kao rezultat tog rada, kandidat je zajedno sa drugim autorima, razvio softverske alate koji se trenutno koriste u okviru doma\u0107ih i me\u0111unarodnih nau\u010dnih projekata, u hidrotehni\u010dkoj praksi kao i u okviru izvo\u0111enja nastave na predmetu Hidroinformatika. U\u010destvovao u tri me\u0111unarodna i osam doma\u0107ih nau\u010dnih projekata. Rukovodio je nau\u010dnim projektom Razvoj novih hidroinformat\u010dkih sistema za za\u0161titu i upravljanje vodnim resursima (2008-2010).<\/p>\n\n\n\n<p>Objavio je vi\u0161e od 100 nau\u010dnih i stru\u010dnih radova u doma\u0107im i stranim \u010dasopisima i zbornicima doma\u0107ih i me\u0111unarodnih konferencija. Autor je vi\u0161e poglavlja u doma\u0107im i stranim monografijama. Tako\u0111e, u\u010destvovao je u izradi preko 150 stru\u010dnih studija i projekata iz oblasti hidrotehnike.<\/p>\n","protected":false},"excerpt":{"rendered":"<p>Zaposlen je na Gra\u0111evinskom fakultetu Univerziteta u Beogradu. Doktorsku disertaciju iz oblasti optimizacije distributivnih mre\u017ea, odbranio je 1999. godine i nakon toga je 2000. godine&hellip;<\/p>\n","protected":false},"author":1,"featured_media":0,"parent":0,"menu_order":0,"comment_status":"closed","ping_status":"closed","template":"","meta":{"footnotes":""},"class_list":["post-235","page","type-page","status-publish","hentry"],"yoast_head":"<!-- This site is optimized with the Yoast SEO plugin v24.9 - https:\/\/yoast.com\/wordpress\/plugins\/seo\/ -->\n<title>Prof. dr Milo\u0161 P. Stani\u0107, dipl. in\u017e. gra\u0111evine - Nacionalna ekolo\u0161ka asocijacija<\/title>\n<meta name=\"robots\" content=\"index, follow, max-snippet:-1, max-image-preview:large, max-video-preview:-1\" \/>\n<link rel=\"canonical\" href=\"https:\/\/nea.rs\/index.php\/prof-dr-milos-p-stanic-dipl-inz-gradevine\/\" \/>\n<meta property=\"og:locale\" content=\"sr_RS\" \/>\n<meta property=\"og:type\" content=\"article\" \/>\n<meta property=\"og:title\" content=\"Prof. dr Milo\u0161 P. Stani\u0107, dipl. in\u017e. gra\u0111evine - Nacionalna ekolo\u0161ka asocijacija\" \/>\n<meta property=\"og:description\" content=\"Zaposlen je na Gra\u0111evinskom fakultetu Univerziteta u Beogradu. Doktorsku disertaciju iz oblasti optimizacije distributivnih mre\u017ea, odbranio je 1999. godine i nakon toga je 2000. godine&hellip;\" \/>\n<meta property=\"og:url\" content=\"https:\/\/nea.rs\/index.php\/prof-dr-milos-p-stanic-dipl-inz-gradevine\/\" \/>\n<meta property=\"og:site_name\" content=\"Nacionalna ekolo\u0161ka asocijacija\" \/>\n<meta property=\"article:publisher\" content=\"https:\/\/www.facebook.com\/NEASrbija\" \/>\n<meta property=\"article:modified_time\" content=\"2021-05-05T18:01:07+00:00\" \/>\n<meta property=\"og:image\" content=\"https:\/\/nea.rs\/wp-content\/uploads\/2021\/05\/milos_stanic-1.png\" \/>\n<meta name=\"twitter:card\" content=\"summary_large_image\" \/>\n<meta name=\"twitter:site\" content=\"@NEASrbija\" \/>\n<meta name=\"twitter:label1\" content=\"Procenjeno vreme \u010ditanja\" \/>\n\t<meta name=\"twitter:data1\" content=\"2 minuta\" \/>\n<script type=\"application\/ld+json\" class=\"yoast-schema-graph\">{\"@context\":\"https:\/\/schema.org\",\"@graph\":[{\"@type\":\"WebPage\",\"@id\":\"https:\/\/nea.rs\/index.php\/prof-dr-milos-p-stanic-dipl-inz-gradevine\/\",\"url\":\"https:\/\/nea.rs\/index.php\/prof-dr-milos-p-stanic-dipl-inz-gradevine\/\",\"name\":\"Prof. dr Milo\u0161 P. Stani\u0107, dipl. in\u017e. gra\u0111evine - Nacionalna ekolo\u0161ka asocijacija\",\"isPartOf\":{\"@id\":\"https:\/\/nea.rs\/#website\"},\"primaryImageOfPage\":{\"@id\":\"https:\/\/nea.rs\/index.php\/prof-dr-milos-p-stanic-dipl-inz-gradevine\/#primaryimage\"},\"image\":{\"@id\":\"https:\/\/nea.rs\/index.php\/prof-dr-milos-p-stanic-dipl-inz-gradevine\/#primaryimage\"},\"thumbnailUrl\":\"https:\/\/nea.rs\/wp-content\/uploads\/2021\/05\/milos_stanic-1.png\",\"datePublished\":\"2021-05-04T06:47:59+00:00\",\"dateModified\":\"2021-05-05T18:01:07+00:00\",\"breadcrumb\":{\"@id\":\"https:\/\/nea.rs\/index.php\/prof-dr-milos-p-stanic-dipl-inz-gradevine\/#breadcrumb\"},\"inLanguage\":\"sr-RS\",\"potentialAction\":[{\"@type\":\"ReadAction\",\"target\":[\"https:\/\/nea.rs\/index.php\/prof-dr-milos-p-stanic-dipl-inz-gradevine\/\"]}]},{\"@type\":\"ImageObject\",\"inLanguage\":\"sr-RS\",\"@id\":\"https:\/\/nea.rs\/index.php\/prof-dr-milos-p-stanic-dipl-inz-gradevine\/#primaryimage\",\"url\":\"https:\/\/nea.rs\/wp-content\/uploads\/2021\/05\/milos_stanic-1.png\",\"contentUrl\":\"https:\/\/nea.rs\/wp-content\/uploads\/2021\/05\/milos_stanic-1.png\",\"width\":90,\"height\":105,\"caption\":\"Milo\u0161 Stani\u0107\"},{\"@type\":\"BreadcrumbList\",\"@id\":\"https:\/\/nea.rs\/index.php\/prof-dr-milos-p-stanic-dipl-inz-gradevine\/#breadcrumb\",\"itemListElement\":[{\"@type\":\"ListItem\",\"position\":1,\"name\":\"Po\u010detna\",\"item\":\"https:\/\/nea.rs\/\"},{\"@type\":\"ListItem\",\"position\":2,\"name\":\"Prof. dr Milo\u0161 P. Stani\u0107, dipl. in\u017e. gra\u0111evine\"}]},{\"@type\":\"WebSite\",\"@id\":\"https:\/\/nea.rs\/#website\",\"url\":\"https:\/\/nea.rs\/\",\"name\":\"Nacionalna ekolo\u0161ka asocijacija\",\"description\":\"\",\"publisher\":{\"@id\":\"https:\/\/nea.rs\/#organization\"},\"potentialAction\":[{\"@type\":\"SearchAction\",\"target\":{\"@type\":\"EntryPoint\",\"urlTemplate\":\"https:\/\/nea.rs\/?s={search_term_string}\"},\"query-input\":{\"@type\":\"PropertyValueSpecification\",\"valueRequired\":true,\"valueName\":\"search_term_string\"}}],\"inLanguage\":\"sr-RS\"},{\"@type\":\"Organization\",\"@id\":\"https:\/\/nea.rs\/#organization\",\"name\":\"Nacionalna ekolo\u0161ka asocijacija\",\"url\":\"https:\/\/nea.rs\/\",\"logo\":{\"@type\":\"ImageObject\",\"inLanguage\":\"sr-RS\",\"@id\":\"https:\/\/nea.rs\/#\/schema\/logo\/image\/\",\"url\":\"https:\/\/nea.rs\/wp-content\/uploads\/2021\/05\/cropped-logoNEA_crop_180_nowhite.jpg\",\"contentUrl\":\"https:\/\/nea.rs\/wp-content\/uploads\/2021\/05\/cropped-logoNEA_crop_180_nowhite.jpg\",\"width\":276,\"height\":154,\"caption\":\"Nacionalna ekolo\u0161ka asocijacija\"},\"image\":{\"@id\":\"https:\/\/nea.rs\/#\/schema\/logo\/image\/\"},\"sameAs\":[\"https:\/\/www.facebook.com\/NEASrbija\",\"https:\/\/x.com\/NEASrbija\",\"https:\/\/www.instagram.com\/neasrbija\/\",\"https:\/\/www.youtube.com\/channel\/UCxwdyhNFV-rjanyqj7JIFow\"]}]}<\/script>\n<!-- \/ Yoast SEO plugin. -->","yoast_head_json":{"title":"Prof. dr Milo\u0161 P. Stani\u0107, dipl. in\u017e. gra\u0111evine - Nacionalna ekolo\u0161ka asocijacija","robots":{"index":"index","follow":"follow","max-snippet":"max-snippet:-1","max-image-preview":"max-image-preview:large","max-video-preview":"max-video-preview:-1"},"canonical":"https:\/\/nea.rs\/index.php\/prof-dr-milos-p-stanic-dipl-inz-gradevine\/","og_locale":"sr_RS","og_type":"article","og_title":"Prof. dr Milo\u0161 P. Stani\u0107, dipl. in\u017e. gra\u0111evine - Nacionalna ekolo\u0161ka asocijacija","og_description":"Zaposlen je na Gra\u0111evinskom fakultetu Univerziteta u Beogradu. Doktorsku disertaciju iz oblasti optimizacije distributivnih mre\u017ea, odbranio je 1999. godine i nakon toga je 2000. godine&hellip;","og_url":"https:\/\/nea.rs\/index.php\/prof-dr-milos-p-stanic-dipl-inz-gradevine\/","og_site_name":"Nacionalna ekolo\u0161ka asocijacija","article_publisher":"https:\/\/www.facebook.com\/NEASrbija","article_modified_time":"2021-05-05T18:01:07+00:00","og_image":[{"url":"https:\/\/nea.rs\/wp-content\/uploads\/2021\/05\/milos_stanic-1.png","type":"","width":"","height":""}],"twitter_card":"summary_large_image","twitter_site":"@NEASrbija","twitter_misc":{"Procenjeno vreme \u010ditanja":"2 minuta"},"schema":{"@context":"https:\/\/schema.org","@graph":[{"@type":"WebPage","@id":"https:\/\/nea.rs\/index.php\/prof-dr-milos-p-stanic-dipl-inz-gradevine\/","url":"https:\/\/nea.rs\/index.php\/prof-dr-milos-p-stanic-dipl-inz-gradevine\/","name":"Prof. dr Milo\u0161 P. Stani\u0107, dipl. in\u017e. gra\u0111evine - Nacionalna ekolo\u0161ka asocijacija","isPartOf":{"@id":"https:\/\/nea.rs\/#website"},"primaryImageOfPage":{"@id":"https:\/\/nea.rs\/index.php\/prof-dr-milos-p-stanic-dipl-inz-gradevine\/#primaryimage"},"image":{"@id":"https:\/\/nea.rs\/index.php\/prof-dr-milos-p-stanic-dipl-inz-gradevine\/#primaryimage"},"thumbnailUrl":"https:\/\/nea.rs\/wp-content\/uploads\/2021\/05\/milos_stanic-1.png","datePublished":"2021-05-04T06:47:59+00:00","dateModified":"2021-05-05T18:01:07+00:00","breadcrumb":{"@id":"https:\/\/nea.rs\/index.php\/prof-dr-milos-p-stanic-dipl-inz-gradevine\/#breadcrumb"},"inLanguage":"sr-RS","potentialAction":[{"@type":"ReadAction","target":["https:\/\/nea.rs\/index.php\/prof-dr-milos-p-stanic-dipl-inz-gradevine\/"]}]},{"@type":"ImageObject","inLanguage":"sr-RS","@id":"https:\/\/nea.rs\/index.php\/prof-dr-milos-p-stanic-dipl-inz-gradevine\/#primaryimage","url":"https:\/\/nea.rs\/wp-content\/uploads\/2021\/05\/milos_stanic-1.png","contentUrl":"https:\/\/nea.rs\/wp-content\/uploads\/2021\/05\/milos_stanic-1.png","width":90,"height":105,"caption":"Milo\u0161 Stani\u0107"},{"@type":"BreadcrumbList","@id":"https:\/\/nea.rs\/index.php\/prof-dr-milos-p-stanic-dipl-inz-gradevine\/#breadcrumb","itemListElement":[{"@type":"ListItem","position":1,"name":"Po\u010detna","item":"https:\/\/nea.rs\/"},{"@type":"ListItem","position":2,"name":"Prof. dr Milo\u0161 P. Stani\u0107, dipl. in\u017e. gra\u0111evine"}]},{"@type":"WebSite","@id":"https:\/\/nea.rs\/#website","url":"https:\/\/nea.rs\/","name":"Nacionalna ekolo\u0161ka asocijacija","description":"","publisher":{"@id":"https:\/\/nea.rs\/#organization"},"potentialAction":[{"@type":"SearchAction","target":{"@type":"EntryPoint","urlTemplate":"https:\/\/nea.rs\/?s={search_term_string}"},"query-input":{"@type":"PropertyValueSpecification","valueRequired":true,"valueName":"search_term_string"}}],"inLanguage":"sr-RS"},{"@type":"Organization","@id":"https:\/\/nea.rs\/#organization","name":"Nacionalna ekolo\u0161ka asocijacija","url":"https:\/\/nea.rs\/","logo":{"@type":"ImageObject","inLanguage":"sr-RS","@id":"https:\/\/nea.rs\/#\/schema\/logo\/image\/","url":"https:\/\/nea.rs\/wp-content\/uploads\/2021\/05\/cropped-logoNEA_crop_180_nowhite.jpg","contentUrl":"https:\/\/nea.rs\/wp-content\/uploads\/2021\/05\/cropped-logoNEA_crop_180_nowhite.jpg","width":276,"height":154,"caption":"Nacionalna ekolo\u0161ka asocijacija"},"image":{"@id":"https:\/\/nea.rs\/#\/schema\/logo\/image\/"},"sameAs":["https:\/\/www.facebook.com\/NEASrbija","https:\/\/x.com\/NEASrbija","https:\/\/www.instagram.com\/neasrbija\/","https:\/\/www.youtube.com\/channel\/UCxwdyhNFV-rjanyqj7JIFow"]}]}},"jetpack_sharing_enabled":true,"_links":{"self":[{"href":"https:\/\/nea.rs\/index.php\/wp-json\/wp\/v2\/pages\/235","targetHints":{"allow":["GET"]}}],"collection":[{"href":"https:\/\/nea.rs\/index.php\/wp-json\/wp\/v2\/pages"}],"about":[{"href":"https:\/\/nea.rs\/index.php\/wp-json\/wp\/v2\/types\/page"}],"author":[{"embeddable":true,"href":"https:\/\/nea.rs\/index.php\/wp-json\/wp\/v2\/users\/1"}],"replies":[{"embeddable":true,"href":"https:\/\/nea.rs\/index.php\/wp-json\/wp\/v2\/comments?post=235"}],"version-history":[{"count":2,"href":"https:\/\/nea.rs\/index.php\/wp-json\/wp\/v2\/pages\/235\/revisions"}],"predecessor-version":[{"id":356,"href":"https:\/\/nea.rs\/index.php\/wp-json\/wp\/v2\/pages\/235\/revisions\/356"}],"wp:attachment":[{"href":"https:\/\/nea.rs\/index.php\/wp-json\/wp\/v2\/media?parent=235"}],"curies":[{"name":"wp","href":"https:\/\/api.w.org\/{rel}","templated":true}]}}