{"id":227,"date":"2021-05-04T06:45:16","date_gmt":"2021-05-04T06:45:16","guid":{"rendered":"https:\/\/nea.rs\/?page_id=227"},"modified":"2021-05-05T17:57:06","modified_gmt":"2021-05-05T17:57:06","slug":"dr-aleksandar-urosevic-dipl-biolog","status":"publish","type":"page","link":"https:\/\/nea.rs\/index.php\/dr-aleksandar-urosevic-dipl-biolog\/","title":{"rendered":"dr Aleksandar Uro\u0161evi\u0107, dipl. biolog"},"content":{"rendered":"\n<figure class=\"wp-block-image size-large\"><img loading=\"lazy\" decoding=\"async\" width=\"90\" height=\"105\" src=\"https:\/\/nea.rs\/wp-content\/uploads\/2021\/05\/aleksandar_urosevic-1.png\" alt=\"\" class=\"wp-image-163\"\/><\/figure>\n\n\n\n<p>Aleksandar Uro\u0161evi\u0107 ro\u0111en je 1982. godine u Smederevu, gde je zavr\u0161io osnovnu \u0161kolu i gimnaziju. Biolo\u0161ki fakultet (studijska grupa Biologija) upisao je \u0161kolske 2001\/2002. godine. Diplomirao je 2007. \u0161kolske 2007\/2008. upisao je doktorske studije Biolo\u0161kog fakulteta Univerziteta u Beogradu, smer Morfologija, sistematika i filogenija \u017eivotinja, modul Morfologija. Od 2008. do kraja 2010. bio je stipendista Ministarstva za nauku i tehnolo\u0161ki razvoj republike Srbije. Od 01.01.2011. godine zaposlen je kao istra\u017eiva\u010d-pripravnik na Odeljenju za evolucionu biologiju Instituta za biolo\u0161ka istra\u017eivanja &#8222;Sini\u0161a Stankovi\u0107&#8220;. Doktorsku disertaciju pod naslovom &#8222;Polni dimorfizam glavenog skeleta lacertidnih gu\u0161tera&#8220; je odbranio 19.03.2012. godine. U teku\u0107em istra\u017eiva\u010dkom periodu dr Aleksandar Uro\u0161evi\u0107 anga\u017eovan je kao vi\u0161i nau\u010dni saradnik na Odeljenju za evolucionu biologiju Instituta za biolo\u0161ka istra\u017eivanja &#8222;Sini\u0161a Stankovi\u0107&#8220; &#8220; Instituta od nacionalnog zna\u010daja za republiku Srbiju, Univerzitet u Beogradu.<\/p>\n\n\n\n<p>Nau\u010dnoistra\u017eiva\u010dki rad dr Aleksandra Uro\u0161evi\u0107a odvija se pre svega u oblasti evolucione morfologije. Aktivno je uklju\u010den i u studije faunistike i konzervacione biologije gmizavaca Srbije. Izvan ovih delatnosti, u\u010destvuje u paleontolo\u0161kim istra\u017eivanjima kao i istra\u017eivanjima morfologije vaskularnih biljaka. Publikovao je 44 bibliografske jedinice, u koje spadaju poglavlja u monografijama, strani \u010dasopisi sa SCI liste, kongresna saop\u0161tenja i radovi u \u010dasopisima od nacionalnog zna\u010daja. U\u010destvovao je kao komentor u izradi dve doktorske disertacije i aktivno u\u010destvuje u izradi tre\u0107e. U\u010destvovao je i u istra\u017eivanjima vezanim za procenu konzervacionog statusa gmizavaca u PIO &#8222;Dolina reke P\u010dinje&#8220; kao i u monitoringu vodozemaca i gmizavaca na podr\u010dju NP &#8222;Kopaonik&#8220;.<\/p>\n","protected":false},"excerpt":{"rendered":"<p>Aleksandar Uro\u0161evi\u0107 ro\u0111en je 1982. godine u Smederevu, gde je zavr\u0161io osnovnu \u0161kolu i gimnaziju. Biolo\u0161ki fakultet (studijska grupa Biologija) upisao je \u0161kolske 2001\/2002. godine.&hellip;<\/p>\n","protected":false},"author":1,"featured_media":0,"parent":0,"menu_order":0,"comment_status":"closed","ping_status":"closed","template":"","meta":{"footnotes":""},"class_list":["post-227","page","type-page","status-publish","hentry"],"yoast_head":"<!-- This site is optimized with the Yoast SEO plugin v24.9 - https:\/\/yoast.com\/wordpress\/plugins\/seo\/ -->\n<title>dr Aleksandar Uro\u0161evi\u0107, dipl. biolog - Nacionalna ekolo\u0161ka asocijacija<\/title>\n<meta name=\"robots\" content=\"index, follow, max-snippet:-1, max-image-preview:large, max-video-preview:-1\" \/>\n<link rel=\"canonical\" href=\"https:\/\/nea.rs\/index.php\/dr-aleksandar-urosevic-dipl-biolog\/\" \/>\n<meta property=\"og:locale\" content=\"sr_RS\" \/>\n<meta property=\"og:type\" content=\"article\" \/>\n<meta property=\"og:title\" content=\"dr Aleksandar Uro\u0161evi\u0107, dipl. biolog - Nacionalna ekolo\u0161ka asocijacija\" \/>\n<meta property=\"og:description\" content=\"Aleksandar Uro\u0161evi\u0107 ro\u0111en je 1982. godine u Smederevu, gde je zavr\u0161io osnovnu \u0161kolu i gimnaziju. Biolo\u0161ki fakultet (studijska grupa Biologija) upisao je \u0161kolske 2001\/2002. godine.&hellip;\" \/>\n<meta property=\"og:url\" content=\"https:\/\/nea.rs\/index.php\/dr-aleksandar-urosevic-dipl-biolog\/\" \/>\n<meta property=\"og:site_name\" content=\"Nacionalna ekolo\u0161ka asocijacija\" \/>\n<meta property=\"article:publisher\" content=\"https:\/\/www.facebook.com\/NEASrbija\" \/>\n<meta property=\"article:modified_time\" content=\"2021-05-05T17:57:06+00:00\" \/>\n<meta property=\"og:image\" content=\"https:\/\/nea.rs\/wp-content\/uploads\/2021\/05\/aleksandar_urosevic-1.png\" \/>\n<meta name=\"twitter:card\" content=\"summary_large_image\" \/>\n<meta name=\"twitter:site\" content=\"@NEASrbija\" \/>\n<meta name=\"twitter:label1\" content=\"Procenjeno vreme \u010ditanja\" \/>\n\t<meta name=\"twitter:data1\" content=\"1 minut\" \/>\n<script type=\"application\/ld+json\" class=\"yoast-schema-graph\">{\"@context\":\"https:\/\/schema.org\",\"@graph\":[{\"@type\":\"WebPage\",\"@id\":\"https:\/\/nea.rs\/index.php\/dr-aleksandar-urosevic-dipl-biolog\/\",\"url\":\"https:\/\/nea.rs\/index.php\/dr-aleksandar-urosevic-dipl-biolog\/\",\"name\":\"dr Aleksandar Uro\u0161evi\u0107, dipl. biolog - Nacionalna ekolo\u0161ka asocijacija\",\"isPartOf\":{\"@id\":\"https:\/\/nea.rs\/#website\"},\"primaryImageOfPage\":{\"@id\":\"https:\/\/nea.rs\/index.php\/dr-aleksandar-urosevic-dipl-biolog\/#primaryimage\"},\"image\":{\"@id\":\"https:\/\/nea.rs\/index.php\/dr-aleksandar-urosevic-dipl-biolog\/#primaryimage\"},\"thumbnailUrl\":\"https:\/\/nea.rs\/wp-content\/uploads\/2021\/05\/aleksandar_urosevic-1.png\",\"datePublished\":\"2021-05-04T06:45:16+00:00\",\"dateModified\":\"2021-05-05T17:57:06+00:00\",\"breadcrumb\":{\"@id\":\"https:\/\/nea.rs\/index.php\/dr-aleksandar-urosevic-dipl-biolog\/#breadcrumb\"},\"inLanguage\":\"sr-RS\",\"potentialAction\":[{\"@type\":\"ReadAction\",\"target\":[\"https:\/\/nea.rs\/index.php\/dr-aleksandar-urosevic-dipl-biolog\/\"]}]},{\"@type\":\"ImageObject\",\"inLanguage\":\"sr-RS\",\"@id\":\"https:\/\/nea.rs\/index.php\/dr-aleksandar-urosevic-dipl-biolog\/#primaryimage\",\"url\":\"https:\/\/nea.rs\/wp-content\/uploads\/2021\/05\/aleksandar_urosevic-1.png\",\"contentUrl\":\"https:\/\/nea.rs\/wp-content\/uploads\/2021\/05\/aleksandar_urosevic-1.png\",\"width\":90,\"height\":105,\"caption\":\"Aleksandar Uro\u0161evi\u0107\"},{\"@type\":\"BreadcrumbList\",\"@id\":\"https:\/\/nea.rs\/index.php\/dr-aleksandar-urosevic-dipl-biolog\/#breadcrumb\",\"itemListElement\":[{\"@type\":\"ListItem\",\"position\":1,\"name\":\"Po\u010detna\",\"item\":\"https:\/\/nea.rs\/\"},{\"@type\":\"ListItem\",\"position\":2,\"name\":\"dr Aleksandar Uro\u0161evi\u0107, dipl. biolog\"}]},{\"@type\":\"WebSite\",\"@id\":\"https:\/\/nea.rs\/#website\",\"url\":\"https:\/\/nea.rs\/\",\"name\":\"Nacionalna ekolo\u0161ka asocijacija\",\"description\":\"\",\"publisher\":{\"@id\":\"https:\/\/nea.rs\/#organization\"},\"potentialAction\":[{\"@type\":\"SearchAction\",\"target\":{\"@type\":\"EntryPoint\",\"urlTemplate\":\"https:\/\/nea.rs\/?s={search_term_string}\"},\"query-input\":{\"@type\":\"PropertyValueSpecification\",\"valueRequired\":true,\"valueName\":\"search_term_string\"}}],\"inLanguage\":\"sr-RS\"},{\"@type\":\"Organization\",\"@id\":\"https:\/\/nea.rs\/#organization\",\"name\":\"Nacionalna ekolo\u0161ka asocijacija\",\"url\":\"https:\/\/nea.rs\/\",\"logo\":{\"@type\":\"ImageObject\",\"inLanguage\":\"sr-RS\",\"@id\":\"https:\/\/nea.rs\/#\/schema\/logo\/image\/\",\"url\":\"https:\/\/nea.rs\/wp-content\/uploads\/2021\/05\/cropped-logoNEA_crop_180_nowhite.jpg\",\"contentUrl\":\"https:\/\/nea.rs\/wp-content\/uploads\/2021\/05\/cropped-logoNEA_crop_180_nowhite.jpg\",\"width\":276,\"height\":154,\"caption\":\"Nacionalna ekolo\u0161ka asocijacija\"},\"image\":{\"@id\":\"https:\/\/nea.rs\/#\/schema\/logo\/image\/\"},\"sameAs\":[\"https:\/\/www.facebook.com\/NEASrbija\",\"https:\/\/x.com\/NEASrbija\",\"https:\/\/www.instagram.com\/neasrbija\/\",\"https:\/\/www.youtube.com\/channel\/UCxwdyhNFV-rjanyqj7JIFow\"]}]}<\/script>\n<!-- \/ Yoast SEO plugin. -->","yoast_head_json":{"title":"dr Aleksandar Uro\u0161evi\u0107, dipl. biolog - Nacionalna ekolo\u0161ka asocijacija","robots":{"index":"index","follow":"follow","max-snippet":"max-snippet:-1","max-image-preview":"max-image-preview:large","max-video-preview":"max-video-preview:-1"},"canonical":"https:\/\/nea.rs\/index.php\/dr-aleksandar-urosevic-dipl-biolog\/","og_locale":"sr_RS","og_type":"article","og_title":"dr Aleksandar Uro\u0161evi\u0107, dipl. biolog - Nacionalna ekolo\u0161ka asocijacija","og_description":"Aleksandar Uro\u0161evi\u0107 ro\u0111en je 1982. godine u Smederevu, gde je zavr\u0161io osnovnu \u0161kolu i gimnaziju. Biolo\u0161ki fakultet (studijska grupa Biologija) upisao je \u0161kolske 2001\/2002. godine.&hellip;","og_url":"https:\/\/nea.rs\/index.php\/dr-aleksandar-urosevic-dipl-biolog\/","og_site_name":"Nacionalna ekolo\u0161ka asocijacija","article_publisher":"https:\/\/www.facebook.com\/NEASrbija","article_modified_time":"2021-05-05T17:57:06+00:00","og_image":[{"url":"https:\/\/nea.rs\/wp-content\/uploads\/2021\/05\/aleksandar_urosevic-1.png","type":"","width":"","height":""}],"twitter_card":"summary_large_image","twitter_site":"@NEASrbija","twitter_misc":{"Procenjeno vreme \u010ditanja":"1 minut"},"schema":{"@context":"https:\/\/schema.org","@graph":[{"@type":"WebPage","@id":"https:\/\/nea.rs\/index.php\/dr-aleksandar-urosevic-dipl-biolog\/","url":"https:\/\/nea.rs\/index.php\/dr-aleksandar-urosevic-dipl-biolog\/","name":"dr Aleksandar Uro\u0161evi\u0107, dipl. biolog - Nacionalna ekolo\u0161ka asocijacija","isPartOf":{"@id":"https:\/\/nea.rs\/#website"},"primaryImageOfPage":{"@id":"https:\/\/nea.rs\/index.php\/dr-aleksandar-urosevic-dipl-biolog\/#primaryimage"},"image":{"@id":"https:\/\/nea.rs\/index.php\/dr-aleksandar-urosevic-dipl-biolog\/#primaryimage"},"thumbnailUrl":"https:\/\/nea.rs\/wp-content\/uploads\/2021\/05\/aleksandar_urosevic-1.png","datePublished":"2021-05-04T06:45:16+00:00","dateModified":"2021-05-05T17:57:06+00:00","breadcrumb":{"@id":"https:\/\/nea.rs\/index.php\/dr-aleksandar-urosevic-dipl-biolog\/#breadcrumb"},"inLanguage":"sr-RS","potentialAction":[{"@type":"ReadAction","target":["https:\/\/nea.rs\/index.php\/dr-aleksandar-urosevic-dipl-biolog\/"]}]},{"@type":"ImageObject","inLanguage":"sr-RS","@id":"https:\/\/nea.rs\/index.php\/dr-aleksandar-urosevic-dipl-biolog\/#primaryimage","url":"https:\/\/nea.rs\/wp-content\/uploads\/2021\/05\/aleksandar_urosevic-1.png","contentUrl":"https:\/\/nea.rs\/wp-content\/uploads\/2021\/05\/aleksandar_urosevic-1.png","width":90,"height":105,"caption":"Aleksandar Uro\u0161evi\u0107"},{"@type":"BreadcrumbList","@id":"https:\/\/nea.rs\/index.php\/dr-aleksandar-urosevic-dipl-biolog\/#breadcrumb","itemListElement":[{"@type":"ListItem","position":1,"name":"Po\u010detna","item":"https:\/\/nea.rs\/"},{"@type":"ListItem","position":2,"name":"dr Aleksandar Uro\u0161evi\u0107, dipl. biolog"}]},{"@type":"WebSite","@id":"https:\/\/nea.rs\/#website","url":"https:\/\/nea.rs\/","name":"Nacionalna ekolo\u0161ka asocijacija","description":"","publisher":{"@id":"https:\/\/nea.rs\/#organization"},"potentialAction":[{"@type":"SearchAction","target":{"@type":"EntryPoint","urlTemplate":"https:\/\/nea.rs\/?s={search_term_string}"},"query-input":{"@type":"PropertyValueSpecification","valueRequired":true,"valueName":"search_term_string"}}],"inLanguage":"sr-RS"},{"@type":"Organization","@id":"https:\/\/nea.rs\/#organization","name":"Nacionalna ekolo\u0161ka asocijacija","url":"https:\/\/nea.rs\/","logo":{"@type":"ImageObject","inLanguage":"sr-RS","@id":"https:\/\/nea.rs\/#\/schema\/logo\/image\/","url":"https:\/\/nea.rs\/wp-content\/uploads\/2021\/05\/cropped-logoNEA_crop_180_nowhite.jpg","contentUrl":"https:\/\/nea.rs\/wp-content\/uploads\/2021\/05\/cropped-logoNEA_crop_180_nowhite.jpg","width":276,"height":154,"caption":"Nacionalna ekolo\u0161ka asocijacija"},"image":{"@id":"https:\/\/nea.rs\/#\/schema\/logo\/image\/"},"sameAs":["https:\/\/www.facebook.com\/NEASrbija","https:\/\/x.com\/NEASrbija","https:\/\/www.instagram.com\/neasrbija\/","https:\/\/www.youtube.com\/channel\/UCxwdyhNFV-rjanyqj7JIFow"]}]}},"jetpack_sharing_enabled":true,"_links":{"self":[{"href":"https:\/\/nea.rs\/index.php\/wp-json\/wp\/v2\/pages\/227","targetHints":{"allow":["GET"]}}],"collection":[{"href":"https:\/\/nea.rs\/index.php\/wp-json\/wp\/v2\/pages"}],"about":[{"href":"https:\/\/nea.rs\/index.php\/wp-json\/wp\/v2\/types\/page"}],"author":[{"embeddable":true,"href":"https:\/\/nea.rs\/index.php\/wp-json\/wp\/v2\/users\/1"}],"replies":[{"embeddable":true,"href":"https:\/\/nea.rs\/index.php\/wp-json\/wp\/v2\/comments?post=227"}],"version-history":[{"count":2,"href":"https:\/\/nea.rs\/index.php\/wp-json\/wp\/v2\/pages\/227\/revisions"}],"predecessor-version":[{"id":347,"href":"https:\/\/nea.rs\/index.php\/wp-json\/wp\/v2\/pages\/227\/revisions\/347"}],"wp:attachment":[{"href":"https:\/\/nea.rs\/index.php\/wp-json\/wp\/v2\/media?parent=227"}],"curies":[{"name":"wp","href":"https:\/\/api.w.org\/{rel}","templated":true}]}}

dr Aleksandar Urošević, dipl. biolog

<figure class="wp-block-image size-large"><img loading="lazy" decoding="async" width="90" height="105" src="https://nea.rs/wp-content/uploads/2021/05/aleksandar_urosevic-1.png" alt="" class="wp-image-163"/></figure>



<p>Aleksandar Urošević rođen je 1982. godine u Smederevu, gde je završio osnovnu školu i gimnaziju. Biološki fakultet (studijska grupa Biologija) upisao je školske 2001/2002. godine. Diplomirao je 2007. školske 2007/2008. upisao je doktorske studije Biološkog fakulteta Univerziteta u Beogradu, smer Morfologija, sistematika i filogenija životinja, modul Morfologija. Od 2008. do kraja 2010. bio je stipendista Ministarstva za nauku i tehnološki razvoj republike Srbije. Od 01.01.2011. godine zaposlen je kao istraživač-pripravnik na Odeljenju za evolucionu biologiju Instituta za biološka istraživanja &#8222;Siniša Stanković&#8220;. Doktorsku disertaciju pod naslovom &#8222;Polni dimorfizam glavenog skeleta lacertidnih guštera&#8220; je odbranio 19.03.2012. godine. U tekućem istraživačkom periodu dr Aleksandar Urošević angažovan je kao viši naučni saradnik na Odeljenju za evolucionu biologiju Instituta za biološka istraživanja &#8222;Siniša Stanković&#8220; &#8220; Instituta od nacionalnog značaja za republiku Srbiju, Univerzitet u Beogradu.</p>



<p>Naučnoistraživački rad dr Aleksandra Uroševića odvija se pre svega u oblasti evolucione morfologije. Aktivno je uključen i u studije faunistike i konzervacione biologije gmizavaca Srbije. Izvan ovih delatnosti, učestvuje u paleontološkim istraživanjima kao i istraživanjima morfologije vaskularnih biljaka. Publikovao je 44 bibliografske jedinice, u koje spadaju poglavlja u monografijama, strani časopisi sa SCI liste, kongresna saopštenja i radovi u časopisima od nacionalnog značaja. Učestvovao je kao komentor u izradi dve doktorske disertacije i aktivno učestvuje u izradi treće. Učestvovao je i u istraživanjima vezanim za procenu konzervacionog statusa gmizavaca u PIO &#8222;Dolina reke Pčinje&#8220; kao i u monitoringu vodozemaca i gmizavaca na podrčju NP &#8222;Kopaonik&#8220;.</p>

<p>Aleksandar Urošević rođen je 1982. godine u Smederevu, gde je završio osnovnu školu i gimnaziju. Biološki fakultet (studijska grupa Biologija) upisao je školske 2001/2002. godine.&hellip;</p>

<!-- This site is optimized with the Yoast SEO plugin v24.9 - https://yoast.com/wordpress/plugins/seo/ -->
<title>dr Aleksandar Urošević, dipl. biolog - Nacionalna ekološka asocijacija</title>
<meta name="robots" content="index, follow, max-snippet:-1, max-image-preview:large, max-video-preview:-1" />
<link rel="canonical" href="https://nea.rs/index.php/dr-aleksandar-urosevic-dipl-biolog/" />
<meta property="og:locale" content="sr_RS" />
<meta property="og:type" content="article" />
<meta property="og:title" content="dr Aleksandar Urošević, dipl. biolog - Nacionalna ekološka asocijacija" />
<meta property="og:description" content="Aleksandar Urošević rođen je 1982. godine u Smederevu, gde je završio osnovnu školu i gimnaziju. Biološki fakultet (studijska grupa Biologija) upisao je školske 2001/2002. godine.&hellip;" />
<meta property="og:url" content="https://nea.rs/index.php/dr-aleksandar-urosevic-dipl-biolog/" />
<meta property="og:site_name" content="Nacionalna ekološka asocijacija" />
<meta property="article:publisher" content="https://www.facebook.com/NEASrbija" />
<meta property="article:modified_time" content="2021-05-05T17:57:06+00:00" />
<meta property="og:image" content="https://nea.rs/wp-content/uploads/2021/05/aleksandar_urosevic-1.png" />
<meta name="twitter:card" content="summary_large_image" />
<meta name="twitter:site" content="@NEASrbija" />
<meta name="twitter:label1" content="Procenjeno vreme čitanja" />
	<meta name="twitter:data1" content="1 minut" />
<script type="application/ld+json" class="yoast-schema-graph">{"@context":"https://schema.org","@graph":[{"@type":"WebPage","@id":"https://nea.rs/index.php/dr-aleksandar-urosevic-dipl-biolog/","url":"https://nea.rs/index.php/dr-aleksandar-urosevic-dipl-biolog/","name":"dr Aleksandar Urošević, dipl. biolog - Nacionalna ekološka asocijacija","isPartOf":{"@id":"https://nea.rs/#website"},"primaryImageOfPage":{"@id":"https://nea.rs/index.php/dr-aleksandar-urosevic-dipl-biolog/#primaryimage"},"image":{"@id":"https://nea.rs/index.php/dr-aleksandar-urosevic-dipl-biolog/#primaryimage"},"thumbnailUrl":"https://nea.rs/wp-content/uploads/2021/05/aleksandar_urosevic-1.png","datePublished":"2021-05-04T06:45:16+00:00","dateModified":"2021-05-05T17:57:06+00:00","breadcrumb":{"@id":"https://nea.rs/index.php/dr-aleksandar-urosevic-dipl-biolog/#breadcrumb"},"inLanguage":"sr-RS","potentialAction":[{"@type":"ReadAction","target":["https://nea.rs/index.php/dr-aleksandar-urosevic-dipl-biolog/"]}]},{"@type":"ImageObject","inLanguage":"sr-RS","@id":"https://nea.rs/index.php/dr-aleksandar-urosevic-dipl-biolog/#primaryimage","url":"https://nea.rs/wp-content/uploads/2021/05/aleksandar_urosevic-1.png","contentUrl":"https://nea.rs/wp-content/uploads/2021/05/aleksandar_urosevic-1.png","width":90,"height":105,"caption":"Aleksandar Urošević"},{"@type":"BreadcrumbList","@id":"https://nea.rs/index.php/dr-aleksandar-urosevic-dipl-biolog/#breadcrumb","itemListElement":[{"@type":"ListItem","position":1,"name":"Početna","item":"https://nea.rs/"},{"@type":"ListItem","position":2,"name":"dr Aleksandar Urošević, dipl. biolog"}]},{"@type":"WebSite","@id":"https://nea.rs/#website","url":"https://nea.rs/","name":"Nacionalna ekološka asocijacija","description":"","publisher":{"@id":"https://nea.rs/#organization"},"potentialAction":[{"@type":"SearchAction","target":{"@type":"EntryPoint","urlTemplate":"https://nea.rs/?s={search_term_string}"},"query-input":{"@type":"PropertyValueSpecification","valueRequired":true,"valueName":"search_term_string"}}],"inLanguage":"sr-RS"},{"@type":"Organization","@id":"https://nea.rs/#organization","name":"Nacionalna ekološka asocijacija","url":"https://nea.rs/","logo":{"@type":"ImageObject","inLanguage":"sr-RS","@id":"https://nea.rs/#/schema/logo/image/","url":"https://nea.rs/wp-content/uploads/2021/05/cropped-logoNEA_crop_180_nowhite.jpg","contentUrl":"https://nea.rs/wp-content/uploads/2021/05/cropped-logoNEA_crop_180_nowhite.jpg","width":276,"height":154,"caption":"Nacionalna ekološka asocijacija"},"image":{"@id":"https://nea.rs/#/schema/logo/image/"},"sameAs":["https://www.facebook.com/NEASrbija","https://x.com/NEASrbija","https://www.instagram.com/neasrbija/","https://www.youtube.com/channel/UCxwdyhNFV-rjanyqj7JIFow"]}]}</script>
<!-- / Yoast SEO plugin. -->

dr Aleksandar Urošević, dipl. biolog - Nacionalna ekološka asocijacija

Aleksandar Urošević rođen je 1982. godine u Smederevu, gde je završio osnovnu školu i gimnaziju. Biološki fakultet (studijska grupa Biologija) upisao je školske 2001/2002. godine.&hellip;

Nacionalna ekološka asocijacija

Aleksandar Urošević

Početna
